ands digit of p(41)?
1
Let t(g) = -4*g - 40. Let y be t(-8). Let r(f) = -6 - 6*f + 6*f + 7*f + 2*f**2 + 4*f. What is the tens digit of r(y)?
3
Let n = 161374 + -83703. What is the thousands digit of n?
7
Suppose 86 = 5*g + 126, 2*x - 98624 = g. What is the hundreds digit of x?
3
Suppose 318798 = 29*y - 354234. What is the units digit of y?
8
Suppose 234 = -g + 2*w, 3*g + 4*w = -2*g - 1142. Let q = g - -765. What is the hundreds digit of q?
5
Let r = -46721 - -84081. What is the tens digit of r?
6
Let c(r) = -85*r**2 + 7*r. Let f(t) = 20*t - 81*t**2 - 5*t - 88*t**2. Let h(n) = -13*c(n) + 6*f(n). What is the units digit of h(-1)?
2
Let s = 13 - 40. Let v be 6/s + (-56)/72. What is the units digit of (v + 37)*4/8?
8
Suppose -61 = -2*w - 5*h, -2*w - 2*w - 3*h + 101 = 0. Suppose -w*b = -36*b + 3601. What is the hundreds digit of b?
2
Let a = 17 - 17. Suppose a = 3*v - v - 14. Suppose -w = v - 11. What is the units digit of w?
4
Let s = 60830 - 36335. What is the hundreds digit of s?
4
Suppose 10*j + 2995 = 15*j - 5*p, -4 = -4*p. Let q = 1007 - j. What is the hundreds digit of q?
4
Let k(w) = 21*w + 36*w + 27*w + 3*w + 4. What is the tens digit of k(1)?
9
Let o(t) be the third derivative of -t**6/120 - t**5/12 - 5*t**4/8 - 5*t**3/3 + 15*t**2. What is the units digit of o(-7)?
3
Suppose 5*f = -y + 2*f + 64916, -129856 = -2*y + 2*f. What is the units digit of y?
5
Suppose -4055 = 10*s - 15*s. Let j = s + -326. What is the units digit of j?
5
Let q be 1 + 12/(-20) + (-686)/(-10). Let d be (-10)/(-4)*(-3 + q/15). Suppose 36 = 5*v - d. What is the units digit of v?
8
Suppose -o + 121 = n + 3*n, -5*n - 5*o + 140 = 0. Suppose 3842 = -n*k + 18412. What is the hundreds digit of k?
4
Let d be (-18 + 159)*32/(-6). What is the hundreds digit of ((-39)/4)/(((-102)/d)/(-17))?
2
Let w(u) = u**2 - 16*u + 66. Let t be w(7). Suppose -2*x + 762 = -4*r, 1387 = t*x - 3*r + 232. What is the units digit of x?
9
Suppose -l = u - 7564, -l = -4*u + 3106 + 27160. What is the units digit of u?
6
Let l = 1768 + 3029. What is the units digit of l?
7
What is the units digit of 408567089/27619 - 4/(-142)?
3
Let q(w) be the second derivative of -w**4/12 + 2*w**3/3 - 24*w**2 + 22*w. Let u be q(7). What is the units digit of -3*(u/(-6) - 2)*-8?
8
Let g(k) = k**2 - 2*k + 1. Let q be g(0). Let v be (3*(-1)/(-3))/(q/(-121)). Let f = v + 171. What is the tens digit of f?
5
Suppose 0 = -2*y + 5*w + 3425, y - 3*w + 5190 = 4*y. Suppose 0 = 4*z, 3*z = -5*p - 0*z + y. What is the units digit of p?
5
Let f = 4571 - 3258. Suppose 4*o - f = r - 371, 2*r - 466 = -2*o. What is the tens digit of o?
3
Let k(x) be the third derivative of x**5/15 + 101*x**4/24 + 17*x**3/2 + 55*x**2. What is the hundreds digit of k(-26)?
1
Suppose 9 = v - 4*d - 14, -d = 2. Suppose -2*f = f - v. Suppose -j - 460 = -4*n + 3*j, f*n + 4*j - 539 = 0. What is the units digit of n?
1
Let n = 835 - 216. Suppose 0 = -5*x - 5, -3*l + l - 3*x + n = 0. Suppose -5*g + 315 = -5*i, -5*g + l = 3*i - 6*i. What is the units digit of g?
1
Let a = 61 + -58. What is the hundreds digit of (0 - 12 - 426)/(a/(-2))?
2
Let m(u) = 502*u**3 + 3*u**2 + 4*u + 5. What is the units digit of m(3)?
8
Suppose 434*s - 4*w = 431*s + 105499, -4*w = -5*s + 175821. What is the hundreds digit of s?
1
Let c(w) = 4*w**2 - 6*w + 5. Let n be c(7). Suppose -l = 2*l - 3*h - n, -l = h - 53. Suppose -p + 139 = -l. What is the units digit of p?
2
Suppose 14415 + 45241 = 8*c. What is the tens digit of c?
5
What is the tens digit of 4 - 13 - 80500/(-20)?
1
Let n be 438/(2/(-12) - 42/(-108)). Let a = n + -612. What is the thousands digit of a?
1
Suppose -4*y + 11741 = -2*q - 3*q, 2*q + 2 = 0. Let w = y + -2093. What is the tens digit of w?
4
Suppose t = 2*k + 2110, -4*t = -5*t + 3*k + 2111. What is the hundreds digit of t?
1
Let p be ((-935)/44)/(2/8). Let u = 215 - p. What is the hundreds digit of u?
3
What is the hundreds digit of 12 + -3 + -13 + -3 + 19660?
6
Let w be (-15)/10 - 123/(-6). Suppose 6218 = w*s - 1116. What is the tens digit of s?
8
Let u(h) = -10*h**2 + h + 2268. Let t be u(0). Suppose -32*x + 36*x = t. What is the tens digit of x?
6
Let a = 92409 + -54076. What is the ten thousands digit of a?
3
Suppose 44*g - 22020 = 41*g + 3*l, l = -5*g + 36676. What is the units digit of g?
6
Let u(o) = -85*o**3 - 5*o**2 + 47*o + 217. What is the tens digit of u(-4)?
8
Let u = 2686 + -249. What is the hundreds digit of u?
4
Let l = -78 - -77. Let w be l/15*-613 + 62/465. Suppose 1 = d, t - 4*d - 130 + w = 0. What is the units digit of t?
3
Suppose -10*b + 25*b = 4155. Let u = b - 45. What is the units digit of u?
2
Let m be (-105)/(-12) - 3/(-12). Let o(i) = -5*i - 7*i - 137 + 2*i**2 + 145. What is the tens digit of o(m)?
6
Let q(j) be the third derivative of j**6/120 - 13*j**5/60 + 17*j**4/24 - j**3 - j**2. Suppose 220*c - 144 = 208*c. What is the tens digit of q(c)?
5
Let i(f) = -31*f + 15081. What is the units digit of i(6)?
5
Suppose 0 = 5*r + p - 31, -3*r = 3*p - 4 - 5. Suppose -3*n - 53 - r = 0. What is the units digit of (36/20)/((-2)/n)?
8
Let y be ((-3)/5)/(8/40). Let b be (-422)/y - ((-84)/(-18))/7. Let z = 264 - b. What is the units digit of z?
4
Let m = 14373 - -9997. What is the tens digit of m?
7
Let y be (-75)/10*56/(-12). Let g = y - 33. Suppose 5*w + 4*a - 208 = 3*a, -4*w + g*a + 158 = 0. What is the tens digit of w?
4
Let b be 15564/54 - (-10)/(-45). Suppose -3*h - 3*h + b = 0. What is the tens digit of h?
4
Let k(g) = 65*g + 18. Let m be k(-6). Suppose -2*h + 3*f = -12, 1 = -3*h - 3*f + 4. What is the hundreds digit of h/(1 - (-363)/m)?
1
Suppose -18 = -20*t + 11*t. Suppose 4*i + 5*q - 38 = 32, -30 = -t*i - 5*q. What is the hundreds digit of (-50)/i*438/(-5)?
2
Let q = -22 + 33. Let d(j) = 2*j**2 - 22*j - 14. Let a be d(q). What is the units digit of (a/24 + (-6)/8)*-24?
2
Let p = 294 + 7555. What is the thousands digit of p?
7
Let s = 75 + -93. Let w = s - -30. What is the tens digit of 1*42 + 0*(-3)/w?
4
Let z(n) = -387*n**3 - 13*n**2 + 64*n + 495. What is the ten thousands digit of z(-5)?
4
Let r = 315 - 267. Suppose 30*h + 7542 = r*h. What is the hundreds digit of h?
4
Suppose -3*c = 5*c + 928. Let k = c - -244. Suppose k + 21 = b. What is the units digit of b?
9
Let m be 0 + (6/4)/((-3)/(-488)). Suppose -m - 110 = -3*k. Suppose 0 = 3*l + k - 574. What is the units digit of l?
2
Let c(f) = 28*f**3 - 3*f**2 + 2*f + 7. Suppose 0 = -19*d + 21*d - 2*g - 4, 0 = -4*d - 3*g + 15. What is the tens digit of c(d)?
4
Let n = 93 - 93. Suppose -i = -0*i + 3*l - 34, -i + l + 30 = n. Let b = 89 + i. What is the tens digit of b?
2
Let n be 2/(-1*5 + (25 - 19)). Suppose 312 = 2*y - 2*f, -245 - 57 = -n*y + 4*f. What is the units digit of y?
1
Let h be (-2 - -3) + (3 - 4 - -4). Suppose c = -2*l + 102, 2*l + 112 = h*l - 4*c. Let s = 77 - l. What is the units digit of s?
5
Let y(l) = 828*l**2 + 439*l + 3481. What is the ten thousands digit of y(-8)?
5
Let q = 15 - 32. Let j = 169 - q. Suppose 2*b = 2*i - j + 52, 5*i - b - 315 = 0. What is the tens digit of i?
6
Suppose 0 = -3*x - 24, -9635 = -2*z + x + 76893. What is the thousands digit of z?
3
Let x be 280 - (1 + (-6)/3 - -3). Suppose 3*d - x = -41. Suppose 3*k - 2*q = d, 2*q = -k - 5 + 34. What is the tens digit of k?
2
What is the tens digit of (19 + 165630/(-120))*(-6 + 2)?
4
Let b(c) be the second derivative of c**5/20 - 7*c**4/6 - 3*c**3/2 + 63*c**2/2 - 59*c + 2. What is the tens digit of b(17)?
7
Suppose -q + 5*q = u - 12, -3*u = 3*q - 6. What is the hundreds digit of (-1)/(-5 + u) - -693?
6
Let g = 863 - 861. Let t(x) be the first derivative of 11*x**3 + 3*x**2/2 + 2*x - 4. What is the tens digit of t(g)?
4
Suppose 137699 = -61*y + 412687. What is the hundreds digit of y?
5
Suppose -71 = -n + 4*h - 8, -2*n + 5*h + 138 = 0. Let w be 7/(-35) - 3/(15/239). Let u = w + n. What is the units digit of u?
1
Let u(t) = -208*t - 4. Let k(q) = q + 1. Let a(s) = 8*k(s) + u(s). Let p be a(-1). Suppose -3*c + p = 3*f, 60 = f - 0*f + 5*c. What is the units digit of f?
0
Suppose 0 = -170*r - 578395 + 4601352 - 433747. What is the thousands digit of r?
1
Suppose 34*w - 3274 + 894 = 0. What is the tens digit of ((-494)/6 - 2)*(w + -73)?
5
Let t(s) = 4*s**3 - 19*s**2 - 5*s**3 - 8*s + 25*s**2. Let l be t(4). Let h(p) = -p